or of 21082320?
True
Is 488 a factor of 1524448560?
True
Is 452 a factor of 83223010?
False
Is 64277623 a multiple of 17?
False
Is 308 a factor of 6599938999?
False
Does 2456 divide 1566928?
True
Is 591486570 a multiple of 27?
True
Is 189 a factor of 2296728?
True
Is 7 a factor of 75841283?
True
Is 2 a factor of 490209852?
True
Is 810 a factor of 163620?
True
Does 4758 divide 637699921?
False
Is 116854668 a multiple of 2552?
False
Is 246 a factor of 17709933?
False
Is 23863740 a multiple of 15?
True
Is 9 a factor of 329422621?
False
Does 29 divide 2633494025?
False
Is 12385839 a multiple of 5?
False
Is 567 a factor of 201636540?
True
Does 20 divide 1022685480?
True
Does 2 divide 89226416?
True
Does 337 divide 149895968?
False
Is 41 a factor of 82879880?
False
Does 5 divide 12530451?
False
Is 176 a factor of 29340784?
True
Does 5771 divide 2748338704?
False
Is 919433340 a multiple of 2170?
True
Does 88 divide 1120064?
True
Does 32 divide 289535956?
False
Is 4 a factor of 6478084?
True
Is 1708 a factor of 13026916?
True
Is 16093854 a multiple of 71?
True
Does 77 divide 37529179?
False
Is 176 a factor of 332589136?
True
Is 764463759 a multiple of 92?
False
Does 20 divide 931739940?
True
Does 4 divide 153443318?
False
Is 2 a factor of 49565963?
False
Is 718055846 a multiple of 68?
False
Does 275 divide 826529825?
True
Does 2304 divide 723373730?
False
Is 300 a factor of 464134800?
True
Is 701368123 a multiple of 38?
False
Is 6018351 a multiple of 21?
False
Does 10 divide 120456035?
False
Does 13 divide 272389312?
True
Does 5 divide 20454987?
False
Does 5 divide 137612840?
True
Is 199974976 a multiple of 71?
False
Is 95 a factor of 1338197645?
True
Is 1384 a factor of 1104592544?
True
Does 37 divide 15998656?
False
Is 7698 a factor of 110039571?
False
Is 4943 a factor of 1551815306?
True
Is 624 a factor of 44947797?
False
Is 295492032 a multiple of 4?
True
Is 348969384 a multiple of 108?
True
Does 621 divide 359364785?
False
Is 5 a factor of 59682180?
True
Is 52648204 a multiple of 37?
False
Is 233898 a multiple of 38?
False
Is 859260446 a multiple of 418?
True
Does 707 divide 420873565?
True
Does 56 divide 226857401?
False
Is 56 a factor of 18313232?
True
Does 2193 divide 80541421?
False
Is 2019106 a multiple of 137?
True
Does 15 divide 1266165?
True
Is 3 a factor of 14253226?
False
Is 235 a factor of 97521320?
False
Is 145774902 a multiple of 98?
True
Is 81 a factor of 50307318?
True
Is 1347 a factor of 12297508?
False
Is 273 a factor of 64894284?
True
Is 9 a factor of 7200576?
True
Is 90206190 a multiple of 30?
True
Does 17 divide 26295974?
True
Does 18 divide 5668254?
True
Does 7519 divide 2872147589?
False
Is 1017800461 a multiple of 1689?
False
Is 2775 a factor of 407025900?
True
Is 430872812 a multiple of 40?
False
Is 7 a factor of 1204063?
True
Is 79 a factor of 780625802?
False
Is 194602446 a multiple of 27?
True
Does 3282 divide 267090697?
False
Is 363 a factor of 2960398605?
False
Is 621 a factor of 34392275?
False
Is 9 a factor of 56119419?
True
Is 78729583 a multiple of 1327?
True
Does 6 divide 4012834?
False
Is 412585768 a multiple of 3514?
True
Is 839360640 a multiple of 274?
True
Is 4740466 a multiple of 106?
False
Is 18078952 a multiple of 4?
True
Is 126318099 a multiple of 908?
False
Is 35 a factor of 144652101?
False
Is 18391024 even?
True
Is 2038 a factor of 557360392?
True
Is 1730545942 a multiple of 983?
True
Is 48592843 a multiple of 24?
False
Is 12197 a multiple of 8?
False
Is 11380399 a multiple of 2?
False
Is 391378618 a multiple of 63?
False
Is 65 a factor of 135122918?
False
Is 531339429 a multiple of 379?
True
Is 743072895 a multiple of 1097?
False
Does 129 divide 12600927?
False
Does 247 divide 177346924?
False
Does 3321 divide 240852204?
True
Is 680 a factor of 24940021?
False
Is 36 a factor of 573690528?
True
Is 140 a factor of 165009600?
True
Does 82 divide 90986583?
False
Does 237 divide 190148418?
True
Does 636 divide 826681068?
True
Is 24 a factor of 4553859987?
False
Is 15665476 a multiple of 1328?
False
Does 65 divide 164580585?
True
Does 1263 divide 374634849?
True
Does 560 divide 194099788?
False
Is 117463118 a multiple of 252?
False
Is 514 a factor of 14442886?
True
Does 44 divide 12972489?
False
Does 1903 divide 371234990?
False
Is 3530 a factor of 571348150?
True
Does 1931 divide 1183784661?
False
Is 133 a factor of 2208066?
True
Is 46356346 a multiple of 35?
False
Does 126 divide 370702080?
True
Is 34 a factor of 4553260484?
True
Is 2180686 a multiple of 139?
False
Does 5 divide 82927165?
True
Does 163 divide 6624972?
True
Does 261 divide 505005768?
True
Is 10 a factor of 20208930?
True
Is 660 a factor of 2035162658?
False
Is 55619663 a multiple of 697?
False
Is 24319651 a multiple of 801?
False
Is 15311016 a multiple of 119?
True
Is 104 a factor of 1561570712?
True
Does 106 divide 3458026?
False
Does 194 divide 2680347496?
False
Is 315239525 a multiple of 2281?
False
Is 11 a factor of 148305839?
True
Is 14 a factor of 82993430?
False
Is 3466 a factor of 73378686?
True
Is 5745 a factor of 86508210?
True
Is 4569791031 a multiple of 129?
False
Is 7829975 a multiple of 5?
True
Is 3 a factor of 6570549?
True
Is 187295116 a multiple of 1668?
False
Is 265242920 a multiple of 69?
False
Does 105 divide 83824020?
True
Is 1123 a factor of 627292557?
False
Is 12 a factor of 67584732?
True
Does 1337 divide 108297?
True
Does 5 divide 1824774?
False
Is 14702380 a multiple of 154?
True
Does 7 divide 84938221?
False
Does 1076 divide 318629424?
True
Does 14 divide 35850066?
True
Is 25868211 a multiple of 213?
True
Is 28 a factor of 271035679?
False
Is 546 a factor of 34614216?
True
Does 78 divide 299662662?
True
Is 26 a factor of 86806096?
True
Is 358 a factor of 25591099?
False
Is 155666112 a multiple of 12?
True
Is 7548 a factor of 1491650856?
True
Is 112 a factor of 314327552?
True
Is 5 a factor of 76223854?
False
Is 368 a factor of 7890114?
False
Does 112 divide 1477499059?
False
Is 31 a factor of 20408680?
False
Is 84 a factor of 766014816?
True
Does 26 divide 83543225?
False
Does 24 divide 744552?
True
Is 337 a factor of 1383364780?
True
Is 10123784 a multiple of 88?
True
Does 5 divide 828127340?
True
Is 828637955 a multiple of 107?
False
Is 316421545 a multiple of 1612?
False
Does 144 divide 20564064?
True
Is 4612224 a multiple of 519?
False
Is 730 a factor of 2922375340?
False
Is 5 a factor of 19266556?
False
Does 591 divide 527699763?
True
Is 277 a factor of 207887115?
True
Is 27 a factor of 242911502?
False
Is 58412858 a multiple of 28?
False
Does 1943 divide 623508700?
True
Is 24825164 a multiple of 14?
True
Is 220781694 a multiple of 5686?
True
Does 3913 divide 35995687?
True
Does 2 divide 9359322?
True
Is 5 a factor of 7414908?
False
Does 8 divide 5087701580?
False
Is 448811682 a multiple of 66?
True
Does 148 divide 876187203?
False
Is 9 a factor of 28777511?
False
Is 128 a factor of 450128402?
False
Is 12642732 a multiple of 23?
True
Is 42 a factor of 3239456?
False
Does 5 divide 2274769?
False
Does 4 divide 158200386?
False
Is 24943651 a multiple of 150?
False
Is 140363385 a multiple of 37?
True
Is 11 a factor of 13553496?
True
Does 49 divide 46235969?
False
Is 45 a factor of 12709710?
True
Is 355854466 a multiple of 649?
False
Is 1672 a factor of 134044240?
True
Is 133219701 a multiple of 459?
True
Is 3 a factor of 22905972?
True
Is 15119320 a multiple of 105?
False
Is 141673419 a multiple of 227?
False
Does 219 divide 57581232?
True
Does 68 divide 1581535167?
False
Does 496 divide 211891890?
False
Is 553 a factor of 337100973?
False
Does 26 divide 155284782?
False
Is 158 a factor of 9113282?
True
Is 20258568 a multiple of 88?
True
Does 1715 divide 66658620?
True
Is 16 a factor of 84543664?
True
Is 4640144 a multiple of 79?
True
Is 1251 a factor of 141414507?
False
Is 141 a factor of 820931046?
True
Does 91 divide 219234168?
False
Is 64 a factor of 409475264?
True
Is 5 a factor of 20063200?
True
Is 1821 a factor of 1061619327?
True
Is 39490282 a multiple of 339?
False
Is 23 a factor of 64234397?
False
Does 9 divide 2690743?
False
Is 274016757 a multiple of 8?
False
Is 17838183 a multiple of 2?
False
Is 120172143 a multiple of 21?
True
Is 106 a factor of 321485174?
True
Is 2124727488 a multiple of 9?
T